me?
True
Is 75157 composite?
True
Is 22469 prime?
True
Is 11777 prime?
True
Is 523007 prime?
True
Is 219 prime?
False
Is 992645 composite?
True
Is 104579 a composite number?
False
Is 36913 prime?
True
Is 228289 composite?
True
Is 1657 a composite number?
False
Is 5033 a composite number?
True
Is 8003 prime?
False
Is 1890361 prime?
False
Is 25147 composite?
False
Is 827677 composite?
False
Is 1406159 prime?
True
Is 67741 a composite number?
False
Is 631 composite?
False
Is 1901 a prime number?
True
Is 39181 prime?
True
Is 44353 composite?
True
Is 10223 prime?
True
Is 909757 composite?
True
Is 48239 a prime number?
True
Is 5627 a prime number?
False
Is 54469 a prime number?
True
Is 2933 composite?
True
Is 254623 a prime number?
True
Is 87977 a composite number?
False
Is 102057 a composite number?
True
Is 136691 a composite number?
False
Is 251231 prime?
True
Is 118861 a composite number?
False
Is 42565 a prime number?
False
Is 56011 a composite number?
True
Is 463285 prime?
False
Is 52357 a composite number?
True
Is 36053 prime?
False
Is 3989 a prime number?
True
Is 57977 a composite number?
False
Is 21421 a prime number?
False
Is 80513 a prime number?
True
Is 18661 a composite number?
False
Is 88211 composite?
False
Is 192739 a composite number?
True
Is 257141 a prime number?
True
Is 562541 a prime number?
False
Is 32437 prime?
False
Is 1843 a composite number?
True
Is 47033 a composite number?
True
Is 1514553 a composite number?
True
Is 156007 prime?
True
Is 2099 prime?
True
Is 35515 composite?
True
Is 3739 prime?
True
Is 63901 prime?
True
Is 1117 a prime number?
True
Is 1437 a prime number?
False
Is 14199 composite?
True
Is 44017 composite?
False
Is 2249 a composite number?
True
Is 2407 a prime number?
False
Is 4721 composite?
False
Is 2571 a prime number?
False
Is 738995 prime?
False
Is 1618 prime?
False
Is 154463 a composite number?
True
Is 553531 composite?
True
Is 571717 prime?
True
Is 444183 a composite number?
True
Is 184163 composite?
True
Is 337 a composite number?
False
Is 6371 prime?
False
Is 2609 a prime number?
True
Is 21923 a prime number?
False
Is 59569 a prime number?
False
Is 109379 composite?
False
Is 857462 a prime number?
False
Is 17011 a composite number?
False
Is 46887 prime?
False
Is 448165 a composite number?
True
Is 4663 prime?
True
Is 12793 a prime number?
False
Is 25249 a prime number?
False
Is 1585 a composite number?
True
Is 82529 prime?
True
Is 124121 composite?
False
Is 28349 a prime number?
True
Is 8909 prime?
False
Is 13343 a prime number?
False
Is 6527 a composite number?
True
Is 51307 a prime number?
True
Is 54869 prime?
True
Is 35909 prime?
False
Is 18427 a prime number?
True
Is 30329 composite?
True
Is 72431 a prime number?
True
Is 107671 composite?
False
Is 131581 prime?
True
Is 212822 composite?
True
Is 9753 composite?
True
Is 941 a composite number?
False
Is 42203 a prime number?
False
Is 568963 composite?
False
Is 646237 composite?
False
Is 59347 a composite number?
True
Is 330323 prime?
False
Is 545051 a prime number?
False
Is 16663 a prime number?
False
Is 7123 composite?
True
Is 43001 composite?
True
Is 89409 prime?
False
Is 943 a prime number?
False
Is 2252983 prime?
True
Is 370201 composite?
True
Is 27073 a prime number?
True
Is 317 prime?
True
Is 1319849 a composite number?
False
Is 60797 prime?
False
Is 11647 prime?
False
Is 53077 prime?
True
Is 149579 a prime number?
True
Is 74377 prime?
True
Is 43271 a composite number?
False
Is 93733 composite?
True
Is 77459 prime?
False
Is 171757 composite?
False
Is 24761 a prime number?
False
Is 614377 prime?
True
Is 67027 prime?
False
Is 89227 prime?
True
Is 271559 composite?
True
Is 807973 prime?
True
Is 43843 a composite number?
True
Is 2014063 composite?
True
Is 390809 a prime number?
True
Is 1214987 a prime number?
False
Is 168481 a prime number?
True
Is 74335 prime?
False
Is 20609 a composite number?
True
Is 2609 composite?
False
Is 25687 a prime number?
False
Is 3637639 a composite number?
True
Is 37819 prime?
False
Is 15689 prime?
False
Is 197683 a composite number?
False
Is 55763 composite?
False
Is 31873 a composite number?
False
Is 49835 a composite number?
True
Is 11967 a composite number?
True
Is 99707 a composite number?
False
Is 16621 prime?
False
Is 33917 a prime number?
False
Is 3390779 prime?
False
Is 30767 a composite number?
True
Is 419687 a composite number?
False
Is 5513 prime?
False
Is 29549 a prime number?
False
Is 10351 a composite number?
True
Is 32639 a composite number?
True
Is 80557 composite?
False
Is 723 prime?
False
Is 7669 a composite number?
False
Is 10729 prime?
True
Is 1033987 composite?
False
Is 19439 composite?
True
Is 56981 prime?
False
Is 383654 prime?
False
Is 1984547 a prime number?
True
Is 3989 prime?
True
Is 62857 a prime number?
False
Is 26179 prime?
False
Is 73277 composite?
False
Is 14117 a prime number?
False
Is 631 a prime number?
True
Is 219653 prime?
False
Is 58413 a composite number?
True
Is 47227 composite?
True
Is 771158 composite?
True
Is 19181 a prime number?
True
Is 105319 a composite number?
False
Is 82769 composite?
True
Is 213491 a prime number?
True
Is 11185 composite?
True
Is 2933 prime?
False
Is 1151 prime?
True
Is 95521 composite?
True
Is 7283 a composite number?
False
Is 2184859 composite?
False
Is 107029 a prime number?
False
Is 30769 prime?
False
Is 1511 prime?
True
Is 1068565 composite?
True
Is 953921 composite?
True
Is 346971 a composite number?
True
Is 5545 a prime number?
False
Is 41889 a prime number?
False
Is 256211 composite?
False
Is 182261 composite?
False
Is 95299 composite?
True
Is 22502 prime?
False
Is 1213 prime?
True
Is 61331 prime?
True
Is 164221 a composite number?
True
Is 383509 prime?
False
Is 1589881 a prime number?
True
Is 25841 a composite number?
False
Is 10807 prime?
False
Is 121061 composite?
False
Is 3657607 prime?
True
Is 9977 a composite number?
True
Is 263099 a composite number?
True
Is 522037 prime?
True
Is 238466 prime?
False
Is 175451 a prime number?
False
Is 1061 a composite number?
False
Is 10183 a composite number?
True
Is 334909 prime?
False
Is 96079 a composite number?
False
Is 764929 a composite number?
True
Is 89409 composite?
True
Is 32601 a prime number?
False
Is 626147 prime?
True
Is 10577 a composite number?
True
Is 9863 a prime number?
False
Is 17239 a prime number?
True
Is 2434031 composite?
False
Is 221909 a composite number?
False
Is 520759 prime?
True
Is 37399 a composite number?
True
Is 7121 a prime number?
True
Is 351029 a prime number?
False
Is 4414 a composite number?
True
Is 307721 prime?
False
Is 24737 a prime number?
False
Is 3491 a composite number?
False
Is 30769 a composite number?
True
Is 355063 a composite number?
False
Is 134119 a composite number?
True
Is 94421 prime?
True
Is 735753 a prime number?
False
Is 6833 composite?
False
Is 47023 a prime number?
False
Is 42995 a composite number?
True
Is 11369 composite?
False
Is 80737 a composite number?
False
Is 8923 composite?
False
Is 59513 a composite number?
False
Is 17399 a prime number?
False
Is 230683 a composite number?
False
Is 29701 a composite number?
True
Is 7631 a prime number?
False
Is 5623 prime?
True
Is 27169 composite?
True
Is 246391 a composite number?
False
Is 758831 a composite number?
True
Is 880513 composite?
False
Is 9413 a prime number?
True
Is 1137 composite?
True
Is 216079 a prime number?
False
Is 77001 composite?
True
Is 72249 a composite number?
True
Is 14591 a composite number?
False
Is 379 a prime number?
True
Is 64811 prime?
True
Is 1512569 prime?
True
Is 117187 composite?
True
Is 1671 a prime number?
False
Is 105869 composite?
True
Is 32561 a composite number?
False
Is 5273 a composite number?
False
Is 134777 a prime number?
True
Is 850613 prime?
True
Is 19207 prime?
True
Is 36739 composite?
False
Is 258418 composite?
True
Is 86381 a composite number?
False
Is 14543 a prime number?
True
Is 518711 a prime number?
False
Is 44139 a composite number?
True
Is 1321923 a prime number?
False
Is 493021 a prime number?
True
Is 45523 a composite number?
False
Is 124211 prime?
False
Is 42321 a prime number?
False
Is 2767 prime?
True
Is 152335 composite?
True
Is 140717 prime?
True
Is 728333 a prime number?
True
Is 13714 composite?
True
Is 31435 composite?
True
Is 82